actors of x?
3
Suppose -7*p = -9*p + 50. What are the prime factors of p?
5
Let k(l) = -l**3 + l**2 + l - 4. Let j be k(3). Let d = j + 40. List the prime factors of d.
3, 7
Suppose -8*f = f - 999. What are the prime factors of f?
3, 37
Suppose 3*k + n - 3 = 4*n, 4*k + 5*n = 22. List the prime factors of k.
3
Suppose -4*p + 5*p = 11. What are the prime factors of p?
11
Suppose 0 = 3*x + 2*x, -2*x = 4*j - 24. Let o = 6 - j. Suppose f - 4*f + 39 = o. List the prime factors of f.
13
Suppose 4*v - 33 = -1. Suppose -s + 16 = m, -2*s + 9 = -m - v. What are the prime factors of s?
11
Suppose 3*j = -4*h + 22, h - 4*j - 3 = -7. Suppose -t = -3*q + t + 10, -h*q + 15 = -t. What are the prime factors of q?
2
Let f(o) = o**2 - 5*o**2 - o**3 - 3 - 3*o + 2*o. Let c be f(-3). List the prime factors of -1 - c*(-6)/(-3).
17
Suppose -20 = -j + 4*r, 0 = r + 5. Let n = 2 - 0. Suppose -4*u + 0*m - 5*m + 49 = j, 0 = n*m - 10. List the prime factors of u.
2, 3
Suppose 2*s = 3*s - 4. Suppose 0 = s*a - 31 - 61. What are the prime factors of a?
23
Let v = -23 + 39. List the prime factors of v.
2
Suppose -4*h = 41 - 161. Suppose 0*b + h = 5*b. What are the prime factors of b?
2, 3
Let n(i) = -i**3 - i**2 + i + 2. Let f = 3 - 5. Let k be 1/((-2)/(-8)*f). What are the prime factors of n(k)?
2
Suppose 4*h - 16 = -0*h. Suppose 3*y + 80 = -1. What are the prime factors of (h/(-6))/(6/y)?
3
Suppose -s - 4*o + 18 = -36, -3*o = -2*s + 53. What are the prime factors of s?
2, 17
Suppose -5*f - 8 = -2*o, 5*f - 12 + 0 = -3*o. Let g be 25 + (2 - (f + 1)). Let y = g + -15. What are the prime factors of y?
11
Let q(o) = 5*o**2 + o. Let x be q(-2). What are the prime factors of (-158)/(-18) - (-4)/x?
3
Let u = -7 - -5. What are the prime factors of 3 + 6/u - -17?
17
Let c be (-12)/15*(-10)/4. Suppose c*x = -5*t + 6*x - 18, -3*x = 5*t + 39. Let b = -1 - t. List the prime factors of b.
5
Let q = 25 - -8. What are the prime factors of q?
3, 11
Suppose -4*q - 52 = -2*s, -3*s + 3*q + 158 = 2*s. Suppose 2*g - 6*k - 62 = -3*k, -4*k + s = 2*g. What are the prime factors of g?
5
Let m(u) = -u**2 - 5*u + 4. Let a be m(-5). Suppose -4*w + 2*w + 14 = a*x, -5*w - 4*x = -17. What are the prime factors of (-1)/(2/(-4)*w)?
2
Let v(z) = 6*z**2 - 5*z**2 - 3*z**2 - 1 + 0*z**3 - z**3. Let g(f) = f**2 + 7*f + 7. Let k be g(-5). List the prime factors of v(k).
2
Let n(f) = -f**3 + 11*f**2 - 13*f + 4. Let z be n(9). Let s = z + -93. List the prime factors of 2/11 + (-388)/s.
3
Let n be -21*((-12)/(-9) - 1). Let v(z) = -7*z + 10. Let h be v(n). Suppose 0 = -t - t - 2*f + 32, -h = -4*t - 5*f. List the prime factors of t.
3, 7
Let q(a) = a**3 - 11*a**2 + 9*a + 6. Let k be q(11). Suppose 6*h - k = 3*h. What are the prime factors of h?
5, 7
Let p be -2 - 5/(10/(-4)). Suppose 0 = -3*y + 4*a + 21, 0 = y - 3*y - a + 3. Suppose 21 = y*i - 3*t, 3*i + p - 20 = 4*t. List the prime factors of i.
2
Suppose i + 0*i - 46 = 0. List the prime factors of i.
2, 23
Suppose 4*g + 108 = 484. Suppose g = 4*n + 30. What are the prime factors of n?
2
Let g(t) = -t**3 + 4*t**2 + 5*t + 12. List the prime factors of g(5).
2, 3
Let r = 70 - 49. List the prime factors of r.
3, 7
Suppose -3*x - 5*o = -0*o - 17, 5 = 5*o. Let s = x - 4. Suppose s = -2*a + 3*t - 9, -a - 12 = -0*a - 3*t. List the prime factors of a.
3
Let n = 5 - 21. Let c = 27 + n. What are the prime factors of c?
11
Let g(q) = q**3 + 5*q**2 + q + 2. Let w be g(-5). Let a be -2*w/(-15)*10. List the prime factors of 18/5 + a/(-10).
2
Suppose -3 = w + 3*m, -5*w + 3*m + 12 + 45 = 0. Suppose -w = -l + 5. List the prime factors of l.
2, 7
Let t = -17 - -15. List the prime factors of 7 + -4 - (-3 - t).
2
Suppose -4*l = 12 - 4. Let p be ((-27)/6 - -2)*l. Let z(b) = -b**2 + 8*b - 6. List the prime factors of z(p).
3
Suppose 6*i - 28 = 4*i. Let c = 26 + -19. Let o = c + i. What are the prime factors of o?
3, 7
What are the prime factors of (5/((-15)/246))/((-2)/2)?
2, 41
Suppose 0*r - 4 = -2*r. Suppose 7*y + r = -5*q + 3*y, -q + 4*y = 10. List the prime factors of q/(-3) + 34/3.
2, 3
Suppose -2*o + 15 = 3*o. Suppose 64 = o*j - 71. What are the prime factors of j?
3, 5
Suppose -5*n - 2*c = -41, 4*c = 3*n - 4*n + 19. Let s(r) = -r**3 + 9*r**2 - 7*r. List the prime factors of s(n).
7
Suppose 0 = 2*t - 6 - 0. Suppose -3*c = -t*i + c + 12, -c - 3 = 3*i. What are the prime factors of (-76)/(-8)*(2 + i)?
19
Let s be (-10)/25 + (-53)/5. Suppose 2*k = 2 + 44. Let u = k + s. What are the prime factors of u?
2, 3
Let y(l) = l**3 + 10*l**2 - 8*l + 18. What are the prime factors of y(-9)?
3, 19
Let i(w) = -w**3 - 8*w**2 - 3*w + 7. List the prime factors of i(-8).
31
Let i = 3 - 0. Suppose -12 = i*y - 2*o, -3*y = -0*o - o + 12. What are the prime factors of 19/3 - y/6?
7
Let i = 59 + 79. What are the prime factors of i?
2, 3, 23
Suppose 6*j - 417 = 237. What are the prime factors of j?
109
Let n be (-254)/9 - 16/(-72). Let z = 47 + n. List the prime factors of z.
19
Let m(n) = -n**2 - 9*n - 5. Suppose 0 = j - 7 + 2. Suppose 0 = j*o - 3*o + 14. List the prime factors of m(o).
3
Let i = 17 - 42. Let o = -13 - i. List the prime factors of o.
2, 3
Let k(y) = -4 + 1 - 5*y**2 + 2*y**2 + 4*y**2. Suppose -4*m = -0*m - 12. What are the prime factors of k(m)?
2, 3
Let d(w) = -w**2 - 5*w + 2. Let b be d(-5). Let g(j) = 5*j. Let t be g(b). Suppose p = 5*y + 34, -p + y + t + 8 = 0. List the prime factors of p.
2, 7
Let r = 109 - 68. What are the prime factors of r?
41
Suppose 4*c - 11 = -5*t, -6 = -3*t - 2*c - 1. Let j(h) be the third derivative of -3*h**4/4 - h**3/6 - h**2. What are the prime factors of j(t)?
17
Suppose -s + 13 + 42 = 0. List the prime factors of s.
5, 11
Let u(p) = p - 8. Let h be u(10). Suppose 3*c - 62 = l, 3*c - 4*c + h*l = -19. List the prime factors of c.
3, 7
Let f = 39 - 27. What are the prime factors of f?
2, 3
Let s = 108 + -48. Let h = 87 - s. What are the prime factors of h?
3
Suppose -694 + 269 = -5*l. Suppose 6*t - 3*r - l = 2*t, -t + 4*r + 5 = 0. List the prime factors of t.
5
Suppose -z - 3*b = -125, 3*z = z - 4*b + 254. What are the prime factors of z?
131
Suppose -3*s + s + 66 = 0. What are the prime factors of s?
3, 11
Let s be ((-2 - -4) + -3)*-3. Let d(y) be the first derivative of 5*y**2/2 - 4*y - 1. What are the prime factors of d(s)?
11
Let a(r) = r**2 + 7*r - 16. List the prime factors of a(-11).
2, 7
Let d = -6 - -11. Suppose r - 35 = d*o, 0*r - o = r - 35. Let u = r + -22. What are the prime factors of u?
13
Suppose -3*w - 5*n + 33 = 0, -n - 15 = -5*w + 2*w. Let t(o) = o - 3. Let q be t(w). Suppose 7 = -q*m + 4*m. What are the prime factors of m?
7
Suppose -2*f + 10 = -2*b, -5*f + 4*b = 4 - 26. Let n(u) = -7*u**2 + 5*u + 11 + 6*u - u**3 - f*u. What are the prime factors of n(-8)?
3
What are the prime factors of -6 + 3 - -4 - -18?
19
List the prime factors of 8/5*(-15)/(-2).
2, 3
Suppose 3 = 5*t - 37. Suppose 0 = 3*v - 10 - t. List the prime factors of ((-28)/(-12))/(1/v).
2, 7
Let k(x) = 3*x**2 + x**2 - 1 - 38*x**3 - 3*x**2. Let p be k(1). List the prime factors of 2/(-9) + p/(-9).
2
Let f be ((-1)/2)/(6/(-60)). Suppose -2*j + 6*t = t - 20, t + 27 = f*j. Suppose -5*b + 50 = j*q, -3*b + 0*b + 28 = q. List the prime factors of b.
3
What are the prime factors of (-6)/(-60) + (-149)/(-10)?
3, 5
Let o = -222 + 446. What are the prime factors of o?
2, 7
Let c(f) = -5*f**2 + 7*f + 11. Let n(q) = -3*q**2 + 4*q + 6. Let x(h) = 6*c(h) - 11*n(h). Let o be 7/4 - (-1)/4. What are the prime factors of x(o)?
2
Let w(v) = -v**2 + 5*v + 1. Let z be w(6). List the prime factors of -1 + 19 + 2 + z.
3, 5
Suppose 0 = -3*h + 1002 + 111. Suppose -m - q = -h - 103, -2 = -q. List the prime factors of 1/7 - m/(-28).
17
Let z be ((0 + 1)/(-1))/(-1). Suppose -z = 2*y + 5. Let o(a) = 2*a**2 + 2*a - 1. What are the prime factors of o(y)?
11
Let f(i) = -5 - i**3 - 2*i**2 - i + 0*i**3 + 1. Suppose 0 = 3*o - 7*w + 2*w + 14, 20 = -5*o + 5*w. List the prime factors of f(o).
2
Suppose 3*o - 4 = 29. List the prime factors of o.
11
Let w(v) = v**2 + 4*v + 4. Let n be w(-3). List the prime factors of n/7 + 501/21.
2, 3
Let j(q) = q - 2. Let s be j(-8). Let t be (-26)/7 + s/35. Let y(o) = -o**3 - 4*o**2 - o + 4. What are the prime factors of y(t)?
2
Let j be 532/12 - (-2)/(-6). Suppose -5*k = -4*v - 14